199a + 30?
1719ca
In base 15, what is 460c4b9 + 0?
460c4b9
In base 15, what is 93848 + -1b1?
93687
In base 7, what is -153 - -41400624?
41400441
In base 12, what is -2b19b - -2706?
-28695
In base 11, what is -7515 - -5553?
-1a72
In base 13, what is 3a5 - 51c6?
-4b21
In base 2, what is 0 - -101110001010011101011100011?
101110001010011101011100011
In base 9, what is 16128561 + -1?
16128560
In base 9, what is 41 - -78385?
78436
In base 12, what is -2719 - 1699?
-41b6
In base 7, what is -26623505 + 12?
-26623463
In base 4, what is 12023033 - -133003?
12222102
In base 9, what is 134005 + 11?
134016
In base 16, what is -15 - 226bb?
-226d0
In base 6, what is -10 - -123302542?
123302532
In base 7, what is -106 - -5244162?
5244053
In base 16, what is -32 + -11c47d?
-11c4af
In base 12, what is 1 + -78022b40?
-78022b3b
In base 3, what is 221 + -1000120011020?
-1000120010022
In base 10, what is 308383 - 75?
308308
In base 5, what is -342213 - -2331233?
1434020
In base 13, what is -920c + 581?
-895b
In base 16, what is -2f6 - 1eb2f?
-1ee25
In base 3, what is -2001 - 10022220000021?
-10022220002022
In base 10, what is 4 + 1281417?
1281421
In base 15, what is -15824d12 + -2?
-15824d14
In base 9, what is -2 + 12213141?
12213138
In base 8, what is -221 + -7242252?
-7242473
In base 11, what is 5 - -a11560?
a11565
In base 2, what is 1011101011 - 11001101011010000?
-11001011111100101
In base 6, what is 13041 - 14404?
-1323
In base 4, what is -222222 + 1201112023?
1200223201
In base 8, what is 22427 + -36555?
-14126
In base 10, what is 67 - -2809418?
2809485
In base 4, what is 10 - -331131031132?
331131031202
In base 10, what is -8 + 1226352?
1226344
In base 7, what is 210010252 + 4?
210010256
In base 8, what is 7642425410 + -3?
7642425405
In base 10, what is 21128404 - -23?
21128427
In base 11, what is 4239 + 15523?
19761
In base 15, what is -10 + -315874?
-315884
In base 12, what is -67aa - -904?
-5aa6
In base 16, what is 41c + 6817?
6c33
In base 10, what is 4 + 169826479?
169826483
In base 6, what is 2 - 52221040?
-52221034
In base 7, what is 1501311 + 101?
1501412
In base 11, what is -26 - -68a3779?
68a3753
In base 4, what is 2321230011 + -11200?
2321212211
In base 16, what is -b583dc + -2?
-b583de
In base 5, what is 2 + -10141104021?
-10141104014
In base 12, what is 31b968a - 0?
31b968a
In base 10, what is 152341268 + -1?
152341267
In base 15, what is -2 + 1a1673?
1a1671
In base 7, what is 226632 + 3234?
233166
In base 16, what is 4 - 7afe5a?
-7afe56
In base 7, what is 11516 + 5304?
20123
In base 14, what is 20a2ab5 - 4?
20a2ab1
In base 8, what is -3432256 - 0?
-3432256
In base 12, what is 648619a - -4?
64861a2
In base 12, what is -24 - 8a554a0?
-8a55504
In base 13, what is -5c454 + 77?
-5c3aa
In base 4, what is -220333 + -10013?
-231012
In base 11, what is 98a887 - 4?
98a883
In base 3, what is 220100112 + -2002011?
211021101
In base 16, what is 9e - -541bc?
5425a
In base 12, what is -30a1 + 4184?
10a3
In base 2, what is 10 - -1100000011010100111110?
1100000011010101000000
In base 13, what is -b1a + -144?
-c61
In base 8, what is -14755 - -2713?
-12042
In base 12, what is 2b6a - -158?
3106
In base 5, what is -202110140 + -1322?
-202112012
In base 2, what is 10010100000100 - 111110110001110?
-101100010001010
In base 3, what is 1 - 100002022120221011?
-100002022120221010
In base 16, what is -9077 + -122f?
-a2a6
In base 11, what is 216243 - 798?
215556
In base 2, what is -110011011100100110100001 + 100?
-110011011100100110011101
In base 3, what is 11 + 12122000211211?
12122000211222
In base 7, what is 503 + -201104?
-200301
In base 2, what is 10110000100101000100 - 1001?
10110000100100111011
In base 6, what is -25522 + -4455?
-34421
In base 11, what is -3a61812 - -2?
-3a61810
In base 14, what is -1 - 4003d780?
-4003d781
In base 4, what is 11103103231 + -3323?
11103033302
In base 7, what is 22 + 212040252?
212040304
In base 10, what is -12593 + 15431?
2838
In base 10, what is -179641510 + 2?
-179641508
In base 4, what is 13 - -33232033300?
33232033313
In base 8, what is -4150673 - -25?
-4150646
In base 11, what is 1134 - 22783?
-2164a
In base 12, what is -274a32 - -1?
-274a31
In base 10, what is -90 - -514058?
513968
In base 16, what is 26 - 3d07f?
-3d059
In base 15, what is 70 + -8b3ac?
-8b33c
In base 2, what is -11000000 + -1001000001111100?
-1001000100111100
In base 8, what is -614373 - -34?
-614337
In base 16, what is -12 + -2b577c5?
-2b577d7
In base 9, what is 0 - 26036427?
-26036427
In base 4, what is -102200012 + -10113?
-102210131
In base 12, what is -2167a80 + 0?
-2167a80
In base 7, what is -3315215 + 6113?
-3306102
In base 9, what is 214832126 - 7?
214832118
In base 3, what is -2221110101001120 - -1?
-2221110101001112
In base 3, what is -122012200 - 1101120112?
-2000210012
In base 6, what is -155 - -222050?
221451
In base 13, what is -b8997 - 1c?
-b89b6
In base 12, what is -b + 165a45bb?
165a45b0
In base 6, what is -3 + -102502320?
-102502323
In base 2, what is -1110111010101111010010101 - 0?
-1110111010101111010010101
In base 13, what is -7 - -665951?
665947
In base 6, what is 5 - 50130304?
-50130255
In base 3, what is -11202210112 + 102221?
-11202100121
In base 16, what is -17a1f64 + -5?
-17a1f69
In base 14, what is 5b + 14d759?
14d7b6
In base 3, what is -10 + -12011000012121002?
-12011000012121012
In base 5, what is 1201243100 + -13?
1201243032
In base 6, what is 14 + -231555305?
-231555251
In base 12, what is 573 - 19714?
-19161
In base 11, what is 2496776 + 0?
2496776
In base 2, what is 1100 + 1111101101011010011001?
1111101101011010100101
In base 13, what is -9199ac03 + 4?
-9199abcc
In base 2, what is -1111001 + 101000001000001?
100111111001000
In base 9, what is 15 + 51274142?
51274157
In base 12, what is -3 + 4359a934?
4359a931
In base 5, what is -4003320443020 - 3?
-4003320443023
In base 3, what is -2 + 10010101120220100?
10010101120220021
In base 4, what is -11321 - -2322212331?
2322201010
In base 5, what is -2223 + 1132232?
1130004
In base 6, what is -102423302 + 1?
-102423301
In base 16, what is -9c2 - 4c69?
-562b
In base 14, what is -5bd - -45d4c?
4576d
In base 11, what is 42558070 - 0?
42558070
In base 2, what is 101001101010111000111101 + 10?
101001101010111000111111
In base 4, what is 21130003 - -10122?
21200131
In base 12, what is -15b69659 - -8?
-15b69651
In base 12, what is -7a5b + 29b36?
22097
In base 15, what is -2 - -3a2844?
3a2842
In base 4, what is -302130300 - 10121?
-302201021
In base 3, what is -12 - 102000121000111101?
-102000121000111120
In base 15, what is -59689cd1 - -3?
-59689ccd
In base 9, what is 13781446 - -6?
13781453
In base 14, what is -456 - 77697?
-77b0d
In base 2, what is -1100 + -100100000000101100111110?
-100100000000101101001010
In base 10, what is -41429595 + 6?
-41429589
In base 12, what is a3b0a4b - a?
a3b0a41
In base 9, what is -33545503 + 6?
-33545486
In base 5, what is 123402 + -43?
123304
In base 14, what is 3 + 266c8b?
266c90
In base 13, what is 0 - 460a2?
-460a2
In base 12, what is -25082 - 11233?
-362b5
In base 11, what is 71030 + -2a?
71001
In base 10, what is -5885 - 3768?
-9653
In base 10, what is 482943 - 792?
482151
In base 10, what is 316177 + 533?
316710
In base 15, what is -6b41 - -a80?
-60b1
In base 10, what is -3 + -1300654?
-1300657
In base 11, what is 219844 + 429?
21a172
In base 2, what is 10011 - 101010011000000001100?
-101010010111111111001
In base 10, what is 10 + 170414?
170424
In base 7, what is -26314435 - 445?
-26315213
In base 8, what is -57171462 + 41?
-57171421
In base 5, what is 2124 + -23413342?
-23411213
In base 14, what is 236371 + -5?
23636a
In base 13, what is 3 + bbc52?
bbc55
In base 4, what is 2 - 112120313101?
-112120313033
In base 4, what is -21212 - 1001222?
-1023100
In base 5, what is 14331300200 - -1?
14331300201
In base 2, what is 1100111101 + 10101011110010010000?
10101011111111001101
In base 6, what is -3250 + -3055130?
-3102420
In base 15, what is -36 + 8940?
8909
In base 12, what is -695311 - -4?
-695309
In base 7, what is -10261652 - 0?
-10261652
In base 7, what is -1225 - -1111013?
1106455
In base 8, what is 127447 + -2126?
125321
In base 8, what is -337075 - -17?
-337056
In base 10, what is 116012346 - 5?
116012341
In base 12, what is 25 + 10936?
1095b
